List the prime factors of 463248520.
2, 5, 7, 23, 71933
What are the prime factors of 139388108?
2, 34847027
List the prime factors of 101950885.
5, 67, 304331
List the prime factors of 156259836.
2, 3, 1061, 4091
List the prime factors of 1172356060.
2, 5, 89, 751, 877
List the prime factors of 599277165.
3, 5, 233, 171467
What are the prime factors of 35357744?
2, 41, 53899
List the prime factors of 87513877.
11, 7955807
List the prime factors of 383436579.
3, 29, 4407317
What are the prime factors of 38974285?
5, 7, 17, 31, 2113
List the prime factors of 108974971.
7, 223, 9973
List the prime factors of 70921127.
17, 59, 70709
List the prime factors of 6960337.
31, 224527
List the prime factors of 89824384.
2, 13, 23, 2347
What are the prime factors of 5182208883?
3, 575800987
List the prime factors of 306765015.
3, 5, 20451001
List the prime factors of 1925532727.
17, 6662743
List the prime factors of 374999490.
2, 3, 5, 1388887
What are the prime factors of 24714635?
5, 11, 197, 2281
What are the prime factors of 248367626?
2, 13, 79, 120919
List the prime factors of 67788159.
3, 97, 281, 829
List the prime factors of 1413314373.
3, 19, 23, 1078043
List the prime factors of 91811107.
223, 411709
What are the prime factors of 6263399?
6263399
List the prime factors of 94294284.
2, 3, 7, 1122551
What are the prime factors of 31299702?
2, 3, 7, 745231
List the prime factors of 770635273.
67, 11502019
What are the prime factors of 38071267?
13, 2928559
What are the prime factors of 177215576?
2, 22151947
List the prime factors of 131398530.
2, 3, 5, 179, 24469
What are the prime factors of 117365479?
7, 11, 53, 28759
What are the prime factors of 62535029?
31, 43, 1091
List the prime factors of 4286530.
2, 5, 193, 2221
List the prime factors of 4491861976.
2, 7, 1783, 44987
What are the prime factors of 1052594375?
5, 7, 47, 5119
List the prime factors of 50185012.
2, 12546253
List the prime factors of 4635071221.
11, 421370111
What are the prime factors of 396566271?
3, 19, 29, 211, 379
What are the prime factors of 798542031?
3, 7, 38025811
What are the prime factors of 3302159996?
2, 825539999
List the prime factors of 215908068.
2, 3, 1069, 16831
List the prime factors of 207627989.
1499, 138511
List the prime factors of 1972962674.
2, 211, 4675267
What are the prime factors of 2535381679?
19, 133441141
List the prime factors of 28454578.
2, 397, 35837
What are the prime factors of 64259144?
2, 139, 57787
What are the prime factors of 107487966?
2, 3, 47, 67, 5689
What are the prime factors of 933303267?
3, 13, 31, 257321
What are the prime factors of 79251376?
2, 23, 31, 6947
What are the prime factors of 903166046?
2, 19963, 22621
List the prime factors of 44498755.
5, 7, 1271393
List the prime factors of 4133917519.
487, 8488537
List the prime factors of 7067553489.
3, 29, 27078749
What are the prime factors of 3574947262?
2, 1787473631
List the prime factors of 111015532.
2, 1667, 16649
List the prime factors of 387672778.
2, 43, 73, 61751
What are the prime factors of 197604549?
3, 17, 430511
What are the prime factors of 4392979?
31, 141709
What are the prime factors of 252810817?
7, 36115831
What are the prime factors of 275448597?
3, 641, 143239
List the prime factors of 105502288.
2, 19, 23, 79, 191
What are the prime factors of 1577412775?
5, 19, 3320869
What are the prime factors of 35440462?
2, 17720231
What are the prime factors of 59313354?
2, 3, 31, 318889
What are the prime factors of 63380159?
61, 389, 2671
List the prime factors of 1579819441.
43, 36739987
What are the prime factors of 1808527720?
2, 5, 23, 431, 4561
What are the prime factors of 321862140?
2, 3, 5, 577, 1033
List the prime factors of 59545431.
3, 11, 54679
What are the prime factors of 125759667?
3, 11, 3810899
What are the prime factors of 19730836?
2, 1093, 4513
List the prime factors of 2958717939.
3, 9739, 101267
List the prime factors of 175430411.
13, 43, 313829
What are the prime factors of 67199469?
3, 569, 39367
What are the prime factors of 240195541?
257, 934613
List the prime factors of 83430001.
941, 88661
What are the prime factors of 484205062?
2, 11, 23, 79, 12113
What are the prime factors of 20573834?
2, 691, 14887
What are the prime factors of 83609431?
59, 109, 13001
List the prime factors of 16959688.
2, 1193, 1777
List the prime factors of 5827714331.
167, 34896493
What are the prime factors of 97654161?
3, 11, 43, 68819
What are the prime factors of 53736830?
2, 5, 7, 17, 6451
List the prime factors of 7300659.
3, 2433553
List the prime factors of 59653285.
5, 503, 23719
What are the prime factors of 364321737?
3, 13, 3113861
What are the prime factors of 1502963731?
31, 48482701
What are the prime factors of 20101636?
2, 5025409
What are the prime factors of 2047139259?
3, 11, 733, 84631
What are the prime factors of 907984497?
3, 7, 89, 109, 4457
What are the prime factors of 101261649?
3, 29, 727, 1601
List the prime factors of 43220129.
43220129
List the prime factors of 1332933859.
109, 12228751
What are the prime factors of 270235766?
2, 135117883
What are the prime factors of 18571996?
2, 4642999
List the prime factors of 912038874.
2, 3, 19, 59, 135599
What are the prime factors of 37813064?
2, 461, 10253
What are the prime factors of 240873194?
2, 120436597
List the prime factors of 42513491.
42513491
What are the prime factors of 96863031?
3, 10762559
List the prime factors of 268356476.
2, 1063, 63113
What are the prime factors of 1869479800?
2, 5, 17, 31, 17737
List the prime factors of 2183308088.
2, 13, 19, 1104913
What are the prime factors of 123437348?
2, 43, 717659
What are the prime factors of 1092110640?
2, 3, 5, 71, 64091
What are the prime factors of 3763419946?
2, 11, 13, 19, 36451
List the prime factors of 22648303.
22648303
What are the prime factors of 188313380?
2, 5, 1879, 5011
List the prime factors of 93718483.
93718483
List the prime factors of 19724320.
2, 5, 7, 11, 1601
What are the prime factors of 560363733?
3, 2099, 29663
List the prime factors of 13204090.
2, 5, 1320409
What are the prime factors of 36143235?
3, 5, 23, 47, 743
What are the prime factors of 126547235?
5, 17, 1488791
List the prime factors of 112195964.
2, 1493, 18787
What are the prime factors of 295825172?
2, 23, 29, 110879
List the prime factors of 111052773.
3, 13, 73013
List the prime factors of 2057399467.
37, 3463, 16057
List the prime factors of 4486758.
2, 3, 491, 1523
What are the prime factors of 4264649354?
2, 7, 31, 9826381
What are the prime factors of 2719145055?
3, 5, 11, 16479667
List the prime factors of 166907657.
7, 23843951
List the prime factors of 3531551053.
691, 5110783
What are the prime factors of 78049342?
2, 7, 5574953
What are the prime factors of 1206960923?
7, 172422989
List the prime factors of 67199287.
41, 643, 2549
What are the prime factors of 54600385?
5, 7, 1560011
List the prime factors of 755885800.
2, 5, 23, 73, 2251
What are the prime factors of 49264504?
2, 17, 29, 12491
What are the prime factors of 4936925?
5, 7, 28211
List the prime factors of 16693380.
2, 3, 5, 11, 8431
List the prime factors of 79638937.
7, 19, 598789
What are the prime factors of 2971241175?
3, 5, 7, 367, 2203
List the prime factors of 61264063.
7, 67, 18661
What are the prime factors of 549554161?
13, 42273397
List the prime factors of 392443165.
5, 79, 993527
What are the prime factors of 8640915?
3, 5, 19, 30319
List the prime factors of 1013808105.
3, 5, 61, 227, 1627
What are the prime factors of 22627994?
2, 263, 43019
List the prime factors of 296449148.
2, 74112287
List the prime factors of 423448739.
7, 89, 1091
List the prime factors of 71232264.
2, 3, 329779
List the prime factors of 3416624177.
41, 439, 189823
List the prime factors of 3226578781.
3226578781
What are the prime factors of 46641969?
3, 11, 41, 11491
List the prime factors of 2341333047.
3, 23, 33932363
List the prime factors of 8174282.
2, 4087141
List the prime factors of 6442984815.
3, 5, 71, 2417, 2503
What are the prime factors of 4049158?
2, 31, 65309
What are the prime factors of 387567065?
5, 77513413
What are the prime factors of 662095528?
2, 6703, 12347
List the prime factors of 53339068.
2, 59, 226013
What are the prime f